d 371?
53
Suppose 0 = 2*n + 2*w - 46, -3*n + 6*n + w - 61 = 0. Suppose -2*v + 170 = -4*p, 0 = 4*v + 11*p - 9*p - 390. What is the greatest common divisor of v and n?
19
Suppose -3*d + w = -61, 0 = 2*d - 0*w - 3*w - 36. Suppose -419*i + 347*i = -12096. Calculate the highest common divisor of d and i.
21
Suppose 16875 = 622*n - 617*n. Suppose -24*v + 153 = -n. Calculate the highest common divisor of 49 and v.
49
Let h(g) = -3*g + 34. Let l be h(10). Let k be (l/14)/(10 + 10908/(-1092)). What is the highest common divisor of k and 754?
26
Suppose -473 = b - 12*b. Let m = b + -31. Suppose 3*g - 17 - 8 = 2*o, 5*g - 43 = 2*o. Calculate the greatest common divisor of m and g.
3
Let c(s) = -702*s + 19750. Let o be c(28). What is the greatest common divisor of o and 24957?
47
Let a(m) = 28*m**2 + 8*m + 3. Let g be a(-3). Let w(q) = 2*q + 69. Let x be w(-18). Calculate the greatest common factor of g and x.
33
Let g be ((-29076)/14)/(18/(-28)) - 4/6. Calculate the highest common divisor of g and 1900.
190
Let l be 1504/(-564)*((-4338)/16)/((-2)/(-12)). What is the highest common factor of l and 18?
18
Suppose 6577 + 2063 = 8*r. Suppose -51*g = -54*g + r. What is the greatest common factor of g and 40?
40
Suppose -4*z + 11 - 7 = 0. What is the greatest common factor of z and 217?
1
Let n(b) = -b**2 + 10*b + 18. Let r be n(-2). Let a be (r/4)/(6 - (-11538)/(-1920)). Let g = a + -92. What is the highest common divisor of 4 and g?
4
Suppose -4*p + 0*n + 262 = 2*n, -2*p + 2*n + 134 = 0. Let b = -32 + p. Suppose 104 - b = 5*g. Calculate the highest common factor of g and 2.
2
Let y = -67 - -92. Suppose -r - 18 = -y. What is the highest common divisor of r and 224?
7
Let i(a) = 2*a**2 + 76*a - 304. Let x be i(-43). What is the highest common factor of x and 518?
14
Let s(o) = 2*o**2 + o - 7. Let z be s(-3). Suppose -7*t = -z*t + 923. Let w be 2/6 - t/(-39). What is the highest common divisor of 24 and w?
24
Suppose 0 = 1739*k - 1737*k - 1988. Calculate the greatest common factor of 28 and k.
14
Let y = 184 + -129. Let f = -50 + y. Suppose f*r = r + 60. What is the greatest common divisor of 60 and r?
15
Let q(j) = 1772*j + 4. Let h be q(4). Suppose -h = 6*n + 18948. Let t be n/(-49) - (-8)/(-14). What is the greatest common factor of 11 and t?
11
Let j(g) = -g**3 - 6*g**2 - g - 26. Let d be j(-6). Let k = 10 - d. Suppose 0 = -3*b + 5*b - 30. Calculate the highest common divisor of b and k.
15
Let x(s) = s**3 - 5*s**2 - s - 17. Let j be x(7). Suppose -j - 88 = -l. What is the highest common factor of 18 and l?
18
Let p = -45 - -59. Let b = 8 + p. Suppose -4*i + 3*i = -b. Calculate the highest common divisor of 176 and i.
22
Let d be 4437/102 + -45 - (1 + (-82)/4). Let v(l) = 80*l - 4. Let o be v(4). Let p = o + -118. What is the greatest common divisor of p and d?
18
Suppose -17344 = -27*g + 1205. Calculate the greatest common factor of g and 3893.
229
Let a be (-2)/(-9) - (10 - (-288348)/(-54)). Calculate the highest common factor of a and 520.
130
Let d = -11 - -15. Suppose -m - 65 = -d*l + 34, 57 = 2*l + m. Calculate the highest common factor of 130 and l.
26
Let p be 994/(-22) + ((-212)/44 - -5). Let j = p - -75. Let w = 43 - j. Calculate the highest common factor of w and 143.
13
Let n = 88 + -85. Suppose -9*x + 594 = -n*x. Let w = 23 - 14. Calculate the highest common divisor of x and w.
9
Let z = 11733 + -11693. Calculate the greatest common factor of z and 860.
20
Let f be (-10282)/(-1060) + ((-14)/20 - (-1)/1). Suppose 30 = i + 5*y, -3*i + 2*y - y + 106 = 0. Calculate the greatest common factor of f and i.
5
Suppose 3827 = 27*f + 3719. Let x be (-30)/(2/(-9)*-3). Let b be f*(-157)/(-10) - 9/x. What is the greatest common divisor of 27 and b?
9
Suppose 5*y - 2*n = 2841 - 189, -2*n = 5*y - 2668. Calculate the greatest common divisor of y and 1260.
28
Suppose -5*r = -5*q + 30, -3*q = -4*r - 9 - 10. Suppose 0 = -n - 3*n + q*i - 108, n = -5*i - 27. Let j = n - -47. What is the highest common factor of 30 and j?
10
Let g = 1372 - 1360. What is the greatest common factor of 1164 and g?
12
Let m(i) = -3*i - 3. Let c be m(-2). Suppose -10335*n + 7353 = -10278*n. What is the greatest common divisor of n and c?
3
Let r be 124/3 + 224/336. Suppose 3*t + 1 = 55. Calculate the highest common factor of r and t.
6
Suppose 5*l = 3*g - 2*g + 17, -8 = l - 4*g. Let w(k) = -4 - 16 + 5*k - 4 + 10. Let j be w(6). Calculate the highest common factor of j and l.
4
Suppose 3*c = 23 - 2. Let a(i) = i + 2. Let o be a(c). Let r = 19382 - 19301. Calculate the highest common factor of o and r.
9
Suppose 27*g + 160 = 29*g. Let b = -41 + g. Suppose 0 = -15*k + 6 + b. Calculate the greatest common divisor of 12 and k.
3
Let q(z) = -3*z**2 + 49*z + 5. Let c be q(16). What is the greatest common factor of c and 2436?
21
Suppose -3*y + 64 + 314 = 0. Let p = -2 - -191. What is the highest common factor of p and y?
63
Let x(d) = 34*d + 103. Let c be x(18). What is the greatest common factor of c and 20?
5
Let b = 15 + -14. Let k = -217 - -437. Let r = -207 + k. Calculate the greatest common factor of r and b.
1
Suppose -2*u + 73 = -23. Suppose 0*o = 3*f + 3*o + 42, 4*o - 28 = 3*f. Let z be 121 + ((-4)/f)/((-1)/3). What is the highest common factor of z and u?
24
Suppose 72 + 28 = -5*i. Let p be -5*i/(-125) + (-3878)/(-10). Calculate the greatest common factor of p and 9.
9
Suppose 44 = -39140*t + 39162*t. Let x(b) = 2*b + 4. Let r be x(5). Calculate the greatest common divisor of t and r.
2
Suppose 335801 + 166942 - 107895 = 96*m. Calculate the greatest common factor of m and 18.
9
Let j = 12541 - 12041. What is the greatest common factor of 4250 and j?
250
Let m = -296 + 485. Suppose 832 = 23*i - 410. Calculate the highest common factor of m and i.
27
Let i be -637*(-6)/1*(-5)/(-10). What is the greatest common factor of i and 39?
39
Suppose -30*a = -32*a + 12. Let h(z) = 18*z - 354. Let k be h(36). Calculate the highest common factor of k and a.
6
Suppose -14*c - 353 = 347. Let j be 7 + c/(-5) + -4. Calculate the greatest common divisor of 65 and j.
13
Let l = 23627 + -23438. Let b(a) = a**2 + a + 1. Let x be b(3). Suppose -x = 3*i - 4*m - 60, -4*i = -5*m - 64. Calculate the highest common factor of i and l.
21
Suppose 10*w - 14*w = 4*u - 13804, 4*u = 4*w - 13772. What is the greatest common factor of w and 27?
9
Suppose 3*j = 5*d + 429 + 114, 3*d = j - 177. Let n = j - 110. What is the highest common factor of n and 133?
19
Let m = -2604 + 3096. What is the highest common divisor of 96 and m?
12
Let j be (-10)/16 - (-407290)/1040. Let c = 71 + -48. What is the highest common factor of j and c?
23
Suppose -k + 4*k - 9 = 0. Suppose k*y - 8 = -5. Suppose 3*b - 14 = -4*j + 19, b + y = 0. Calculate the greatest common divisor of j and 9.
9
Let d be (44/(-110) - (-33832)/30)/(3/9). What is the greatest common divisor of d and 57?
19
Let f = -16476 - -16491. Calculate the greatest common factor of 7005 and f.
15
Let i be -5 - 5/(8 - 3). Let n be 9*i/(-135) + (-236)/(-10). What is the highest common divisor of n and 8?
8
Suppose 0 = 8*f - 524 - 1243 + 95. Let w(x) = -x**3 + 3*x**2 + 4*x - 1. Let l be w(3). Calculate the highest common factor of f and l.
11
Let p(g) = -42 + 2 - 2*g + 16*g. Let s be p(5). Calculate the greatest common divisor of s and 195.
15
Let n(g) = -2*g**2 - 26*g + 8509. Let r be n(0). Calculate the highest common factor of r and 67.
67
Suppose -3524 = 118*l - 10615 - 6125. Calculate the highest common divisor of l and 108.
4
Let t(k) = 6*k**2 - 9*k - 621. Let o be t(12). What is the greatest common factor of o and 1323?
27
Let p(l) = -4*l - 3. Let v be p(-2). Suppose -2*q - 6 = 5*w - 3, 2*w + 2 = 0. Calculate the greatest common divisor of v and q.
1
Let y(v) be the first derivative of 20 + 10/3*v**3 + 3*v - 3/2*v**2. Let i be y(1). What is the highest common divisor of 40 and i?
10
Suppose 11500 = -3*c + 53*c. What is the greatest common factor of 1495 and c?
115
Suppose -9*f + 16*f - 597 - 103 = 0. Calculate the highest common factor of 6340 and f.
20
Suppose -77*t - 12040 = -120*t. Suppose l - 280 = -4*l. Calculate the highest common divisor of t and l.
56
Let q = -170 - -174. Suppose 5*g - 763 = z, 0*g + q*z = -3*g + 467. What is the greatest common factor of g and 